95 - 4*c - 188 + 95. What is the units digit of i(q)?
0
Let t be 4/6*264/16. Let r(v) = 4*v - 32. Let k be r(t). Suppose k*x = 8*x + 56. What is the tens digit of x?
1
Let h be (-3 - (-20)/8)*-8. Suppose -3*g - 21 = d - 0*d, 0 = h*g - 5*d + 9. What is the units digit of -77*(g/2 - -2)?
7
Suppose -n + 1 = -c - 4, -16 = -2*n - c. Suppose 0 = -n*d - 3*d - 1700. Let f = -115 - d. What is the units digit of f?
5
Suppose 4*s + 12 = 2*s. Let v be (-36)/2*(-18)/s. Let r = v - -98. What is the tens digit of r?
4
Let d = 218 - 212. Let i(s) = 2*s**3 - 10*s**2 + 6*s + 17. What is the tens digit of i(d)?
2
Suppose -7*z = -42, -4*w + 4*z = -122872 - 89152. What is the ten thousands digit of w?
5
Let n(a) = -a + 11. Let l be n(11). Suppose 5*i - 3*g - 842 = l, 0*i - 3*g = -4*i + 673. What is the hundreds digit of i?
1
Suppose -27*s = 83*s - 105 - 335. Suppose 1277 = 4*c + 429. Suppose s*k = 712 - c. What is the tens digit of k?
2
What is the thousands digit of (-206089)/(-6) - (710/12)/(-71)?
4
Let z(r) = 8*r**2 - 22*r + 4. Let u be ((-48)/40)/(3/(90/(-4))). Suppose -u*b = -2*b - 42. What is the hundreds digit of z(b)?
1
Suppose -46*s = -54*s + 1544. Suppose -t - s = -1549. What is the tens digit of t?
5
Let t = 255 + -253. Suppose -k = -t*m + 5*m - 906, -k = 3. What is the tens digit of m?
0
Let i = 599 + -328. Let p = i + -88. What is the units digit of p?
3
Let f(y) = -y**3 - 23*y**2 - 30*y - 35. Let u be f(-22). Let g = u - -218. What is the hundreds digit of g?
3
Suppose 0 = 11*l - 0*l - 22. What is the thousands digit of (-1)/(1 + l)*-1*3597?
1
Suppose -7*j + 2063 = -1066. Suppose j = 3*a + u, -2*u - 111 = 4*a - 705. What is the units digit of a?
0
Let a be ((-21)/35)/((-3)/15). Suppose x - 42 = -2*d, -a*d = 3*x - 64 + 4. Let n = d - 10. What is the units digit of n?
2
Let n be ((-3)/((-3)/2))/(10/65). Suppose 0 = q - 2*v - n, -v = 3*q - 0*v - 11. Suppose 3*y - 27 = -q*p + 183, 73 = 2*p - y. What is the tens digit of p?
3
Suppose -11*v - 6064 = -49570 - 55296. What is the thousands digit of v?
8
Suppose -24*l = -23*l, 2*g + 5*l = 3342. Let q = g + -724. What is the tens digit of q?
4
Let i be 33/12 + ((-45)/20)/3. Suppose -4*a - 12 = 0, s - 6*s + 339 = i*a. Suppose 0 = -5*x + 3*w + s, -11 = -x + w + w. What is the units digit of x?
5
Suppose -55*o = -269*o + 13345468. What is the thousands digit of o?
2
Let v = 1 + -29. Let p = v + 43. Suppose -p*s - 424 = -19*s. What is the hundreds digit of s?
1
Let p(h) = h**2 + 25*h - 32. Let l be p(-26). What is the tens digit of (l/2 - 1) + 1240/8?
5
Suppose 508*u - 44180 = -500*u + 1004*u. What is the ten thousands digit of u?
1
Suppose 9*y = 22 + 14. Suppose 2*i - y*d = 42, -4*i + 49 = -2*d + d. Suppose -i = 5*s + 4*c - 316, 5*c = -2*s + 105. What is the tens digit of s?
6
Let n(p) = 39 - 128*p + 56*p + 65*p. Let t be n(6). What is the units digit of ((-32)/t)/(-4)*(-174)/8?
8
Let o(k) = 10*k - 26. Let v = 23 - 40. Let w = v + 26. What is the units digit of o(w)?
4
Let l(q) = 6*q**2 - 18*q - 18. Suppose b - 29 = -0*n - 5*n, 5*n = -5*b + 65. What is the hundreds digit of l(b)?
3
Suppose 180 = 2*l - 5*u - 131, l - 3*u = 154. Suppose z - 113 = a - 2*z, 2*a + 224 = 4*z. Let r = a + l. What is the tens digit of r?
5
Suppose -3*t - 220 = -2*n, -2*n - 3*t + 208 = -0*n. Suppose -4*q = 2*d - 3*q + n, -92 = 2*d + 4*q. Let i = 13 - d. What is the units digit of i?
9
Let s be 7 + (1862/1)/1. Let i = s - 1268. What is the tens digit of i?
0
Let b(s) be the second derivative of 5*s**4/3 + 5*s**3/2 - 3*s**2 - 128*s. What is the units digit of b(7)?
9
Let b be 496 + 10*(-6)/12. Let j = -344 + b. What is the hundreds digit of j?
1
Let a = -8 + 32. Let z = a + -20. Suppose 0 = z*q - 2*r + 68 - 222, 5*q - r - 188 = 0. What is the tens digit of q?
3
Let v be 3/5 - 3114/(-10). Let o = 529 - v. Suppose j - y - 192 = 0, -4*y = -5*j + 1172 - o. What is the hundreds digit of j?
1
Let n(t) = t - 2. Let z be n(-10). Let r(v) = 5*v**2 - 15*v + 31. What is the tens digit of r(z)?
3
Let m(z) = -1473*z**3 + z**2 - 68*z - 134. What is the units digit of m(-2)?
0
Let k = 32886 + 1329. What is the units digit of k?
5
Suppose 6*b - 10*b + 528 = 0. Suppose -4*i + l = -528, i - 25*l + 24*l = b. What is the units digit of i?
2
Suppose 9*n = 18*n - 27. Suppose -4*t + 0 = -16. Suppose -t*f = -n*f + 2*b - 54, -f + 55 = 3*b. What is the tens digit of f?
5
Suppose -3*h = z - 11, 7*z - 2*z - 3*h - 19 = 0. Suppose -3*u + k = 27, -4*u = -2*u - z*k + 5. What is the hundreds digit of (-6410)/(-50) - 8/u?
1
Suppose -o = 3*o - 12. Let p(s) = -22 - 4*s**3 + 8 + 10*s + o*s**3 + 6*s**2 + 0*s. What is the units digit of p(6)?
6
Suppose 2*k = -2*y - 2*y + 20, -20 = -2*k - 2*y. Suppose k*d - 6*d = -112. What is the units digit of 170/3 + 4 + d/6?
6
Suppose 4*r - 4*i = 14 - 6, -5*i - 8 = -4*r. Suppose 2*k = -r*n + 2274, 36*k - 34*k - 2288 = 5*n. What is the hundreds digit of k?
1
Let d(v) = -17*v + 32. Let x(p) = p - 2. Let g(k) = d(k) + 6*x(k). What is the units digit of g(-7)?
7
Suppose 192*r = -236*r + 9558524. What is the thousands digit of r?
2
Let t = 0 - -1. Let c be 2/(10 - 9 - (1 - t)). Suppose 3*a = c*y - 0*a - 2, -y - 5*a = -27. What is the units digit of y?
7
Let s = 33289 + -7927. What is the ten thousands digit of s?
2
Let f(u) = u**3 - u + 5. Let d be f(0). Let t be 2*(-2 + (d - 1)). Suppose -t*b + 112 + 84 = 0. What is the units digit of b?
9
Let s = 498 + -502. What is the units digit of ((-90)/s)/((-90)/(-3360))?
0
Suppose 16*s - 7*s = 6597. Let b = s + -475. What is the hundreds digit of b?
2
Suppose 1099*f + 8730 = 2210*f - 1106*f. What is the units digit of f?
6
Let r(a) = -622*a - 2. Let p be r(-1). Suppose 3*x - 5*t - 340 = 0, 7*x - 2*x + 5*t = p. Let w = x + -16. What is the hundreds digit of w?
1
Let r be (-1)/1 - (2 + 0 - -54). What is the hundreds digit of 2960/3 + (-19)/r?
9
Let y be (-3)/(-9) + 10/(-3). Let z be y + 3 - (1*-27 + -3). Let h = 46 - z. What is the units digit of h?
6
Let k be (10 + -46)*((0 - 2) + 1). What is the units digit of (k - 19)*(25 + 0/(-2))?
5
Let z = -11238 - -6388. What is the tens digit of z/(-7) - (-59)/413?
9
Suppose 10*p - 14*p = 720. Let c be p/(-27)*(-27)/1. What is the tens digit of (-13)/(65/c) - -2?
3
Let s = -79 + 83. Suppose z - 4 = 2*o - z, 4*o = -s*z + 16. Let n(j) = 12*j**3 - j**2 + 2*j - 2. What is the tens digit of n(o)?
1
Suppose 37 = -5*o + 7. Let k(t) = 24*t**2 + 9*t - 24. What is the hundreds digit of k(o)?
7
Suppose 2*b - 13323 = 847. What is the hundreds digit of b?
0
Suppose -2*g + 20 - 12 = 0. What is the hundreds digit of (5 + g + -647)/(-1 - 0)?
6
Suppose -33*h + 26*h + 33915 = 0. Suppose 0 = 10*q - 15*q + h. What is the units digit of q?
9
Suppose -5*r + 4*v = 135, -2*r - 3*r - 180 = 5*v. Let u = r - -71. Let m = u - -9. What is the units digit of m?
9
Suppose r = 2*r - 2*f - 3814, 2*r = -2*f + 7586. What is the thousands digit of r?
3
Suppose -4*j + 80 = 4*w, -w = -j - 6 - 14. Suppose -w*i + 2245 + 1255 = 0. What is the units digit of i?
5
Let u(z) = -2*z**2 + 8*z - 3. Let j(w) = -2*w**2 + 8*w - 3. Let q(v) = 4*j(v) - 5*u(v). Let g be q(-5). Suppose -38*k = -35*k - g. What is the tens digit of k?
3
Let p(t) be the third derivative of -115*t**4/24 - 30*t**3 + 4*t**2 + 38. What is the units digit of p(-10)?
0
Suppose 15840*r = 15833*r + 163576. What is the tens digit of r?
6
What is the tens digit of (-1322352)/(-84) + -1 + 0 + 4/(-14)?
4
Let k(a) = 16*a + 40. Let l be k(17). Suppose s - l = -4*p, -4*p - 160 = -s + 168. What is the units digit of s/(-6)*((-26)/(-10) - 5)?
8
Let p = 33696 + -28405. What is the hundreds digit of p?
2
Suppose 0 = 4*j - 14*j + 13*j - 31494. What is the thousands digit of j?
0
Let c(l) = 3*l**2 - 2*l + 13. Let i(d) = -2*d**2 + d - 7. Let f(w) = -3*c(w) - 5*i(w). Let u = 190 - 193. What is the units digit of f(u)?
2
Let j(d) = -6730*d - 14132. What is the thousands digit of j(-10)?
3
Let n(c) = 14*c - 13. Let z(f) = f**3 - 14*f**2 - f + 28. Let r be z(14). Let y(d) = d**2 - 17*d + 47. Let m be y(r). What is the tens digit of n(m)?
5
Suppose -6 = -0*y - 2*y, -3*p - 2*y = -12. Let s(k) = 353*k - 10. What is the hundreds digit of s(p)?
6
Suppose 5*l = 42*l + 10*l - 539278. What is the tens digit of l?
7
Let f(l) = l - 1. Let k(x) = -x + 206. Let q(g) = -2*f